he prime factors of 4221970005.
3, 5, 11, 191, 133967
List the prime factors of 22787257.
349, 65293
What are the prime factors of 200253302?
2, 17, 199, 1741
What are the prime factors of 175458837?
3, 7573, 7723
What are the prime factors of 103106292?
2, 3, 17, 673, 751
What are the prime factors of 840479344?
2, 52529959
What are the prime factors of 4753309661?
14249, 333589
What are the prime factors of 2626910344?
2, 41, 61, 131293
What are the prime factors of 173445079?
173445079
What are the prime factors of 1723804711?
59, 29217029
What are the prime factors of 69533641?
69533641
List the prime factors of 23047916.
2, 149, 38671
What are the prime factors of 45639642?
2, 3, 41, 185527
What are the prime factors of 188795554?
2, 577, 163601
List the prime factors of 601445558.
2, 7, 29, 43, 47, 733
What are the prime factors of 8655593525?
5, 59, 79, 1259
What are the prime factors of 3849457362?
2, 3, 709, 904903
List the prime factors of 92255459.
6709, 13751
What are the prime factors of 210332902?
2, 13, 8089727
What are the prime factors of 2772029441?
23039, 120319
List the prime factors of 2768749098.
2, 3, 17, 127, 213737
What are the prime factors of 99866202?
2, 3, 16644367
List the prime factors of 965776470.
2, 3, 5, 32192549
What are the prime factors of 103639177?
103639177
What are the prime factors of 318374758?
2, 13, 41, 97, 3079
List the prime factors of 6801730.
2, 5, 13, 52321
List the prime factors of 302861923.
7, 13, 3328153
List the prime factors of 1252139914.
2, 7321, 85517
List the prime factors of 58624035.
3, 5, 947, 4127
List the prime factors of 293351890.
2, 5, 13, 23, 7547
List the prime factors of 29562073.
29562073
What are the prime factors of 31671485?
5, 6334297
What are the prime factors of 73897445?
5, 14779489
What are the prime factors of 3107514128?
2, 194219633
List the prime factors of 18968068.
2, 7, 103, 6577
What are the prime factors of 271777284?
2, 3, 37, 211, 967
List the prime factors of 42665669.
197, 216577
List the prime factors of 89871323.
89871323
List the prime factors of 5765492.
2, 1441373
List the prime factors of 8930609.
1151, 7759
What are the prime factors of 2208000974?
2, 37, 29837851
List the prime factors of 5759061200.
2, 5, 14397653
What are the prime factors of 202166517?
3, 7, 19, 506683
List the prime factors of 578627377.
461, 1255157
What are the prime factors of 485606556?
2, 3, 659, 6823
List the prime factors of 308396738.
2, 13, 11861413
What are the prime factors of 145389817?
733, 198349
What are the prime factors of 4554958686?
2, 3, 23, 67, 492641
What are the prime factors of 2809870308?
2, 3, 7, 383, 4159
List the prime factors of 78809115.
3, 5, 7, 11, 6203
What are the prime factors of 1118240925?
3, 5, 14909879
What are the prime factors of 1938884233?
11, 13, 29, 43, 83, 131
List the prime factors of 74314018.
2, 37157009
List the prime factors of 32344457.
61, 530237
List the prime factors of 9798423.
3, 3266141
List the prime factors of 267949144.
2, 103, 325181
What are the prime factors of 774270943?
43, 661, 27241
What are the prime factors of 1640573429?
11, 421, 354259
What are the prime factors of 190292216?
2, 23786527
List the prime factors of 2421162695.
5, 7, 17, 53, 76777
List the prime factors of 608087755.
5, 11, 521, 21221
List the prime factors of 1081290.
2, 3, 5, 7, 19, 271
What are the prime factors of 22134011?
22134011
List the prime factors of 49668705.
3, 5, 1103749
List the prime factors of 121552399.
4231, 28729
What are the prime factors of 10282824?
2, 3, 17, 31, 271
What are the prime factors of 1329796029?
3, 293, 1223, 1237
List the prime factors of 162113158.
2, 2753, 29443
What are the prime factors of 1268544952?
2, 241, 657959
List the prime factors of 142901015.
5, 547, 52249
List the prime factors of 472609199.
101, 1091, 4289
What are the prime factors of 706357404?
2, 3, 19621039
List the prime factors of 546766584.
2, 3, 7, 13, 79, 3169
What are the prime factors of 1158135778?
2, 17, 34062817
List the prime factors of 800553366.
2, 3, 1997, 22271
What are the prime factors of 417531898?
2, 7, 541, 55127
List the prime factors of 53335852.
2, 967, 13789
List the prime factors of 4539584082.
2, 3, 11, 19, 3620083
What are the prime factors of 97119116?
2, 97, 250307
What are the prime factors of 1175695232?
2, 23, 399353
List the prime factors of 104050515.
3, 5, 6936701
List the prime factors of 1540730739.
3, 23, 22329431
What are the prime factors of 126314807?
29, 4355683
What are the prime factors of 8694133390?
2, 5, 433, 2007883
List the prime factors of 287179602.
2, 3, 1621, 29527
What are the prime factors of 1400349814?
2, 109, 6423623
List the prime factors of 4760884511.
19, 250572869
What are the prime factors of 670550526?
2, 3, 83, 448829
What are the prime factors of 159528337?
159528337
List the prime factors of 1693869128.
2, 7, 30247663
List the prime factors of 93571656.
2, 3, 19, 205201
What are the prime factors of 257232312?
2, 3, 509, 7019
What are the prime factors of 260120947?
4733, 54959
What are the prime factors of 197255166?
2, 3, 32875861
List the prime factors of 1480984.
2, 185123
What are the prime factors of 115346329?
7, 67, 245941
List the prime factors of 453666842.
2, 37, 47, 130439
What are the prime factors of 5332391?
443, 12037
What are the prime factors of 52838871?
3, 61, 173, 1669
List the prime factors of 84476105.
5, 7, 2413603
What are the prime factors of 81504007?
13, 29, 37, 5843
What are the prime factors of 1063759523?
683, 1557481
What are the prime factors of 3876593472?
2, 3, 2243399
List the prime factors of 1747035028.
2, 19, 241, 95383
What are the prime factors of 42954428?
2, 11, 47, 20771
What are the prime factors of 240308373?
3, 31, 103, 25087
What are the prime factors of 55005677?
83, 662719
List the prime factors of 1468699278.
2, 3, 19, 12883327
What are the prime factors of 215425?
5, 7, 1231
List the prime factors of 11949369.
3, 3983123
What are the prime factors of 1498155927?
3, 101, 4944409
List the prime factors of 339805975.
5, 19, 709, 1009
List the prime factors of 36517820.
2, 5, 1825891
What are the prime factors of 2420154488?
2, 19, 2539, 6271
List the prime factors of 64145647.
47, 157, 8693
What are the prime factors of 115506486?
2, 3, 191, 3733
List the prime factors of 323940901.
23, 953, 14779
What are the prime factors of 161550696?
2, 3, 6731279
What are the prime factors of 34737411?
3, 11579137
List the prime factors of 270308184.
2, 3, 11262841
List the prime factors of 308808555.
3, 5, 11, 83, 22549
List the prime factors of 31279019.
199, 157181
List the prime factors of 592835323.
811, 730993
What are the prime factors of 2238419?
2238419
What are the prime factors of 1806581960?
2, 5, 601, 75149
What are the prime factors of 1692910515?
3, 5, 23, 73, 67219
What are the prime factors of 80225548?
2, 13, 1013, 1523
What are the prime factors of 1531779453?
3, 170197717
What are the prime factors of 668846399?
13, 3957671
List the prime factors of 842679368.
2, 67, 1572163
What are the prime factors of 1083076641?
3, 67, 1796147
What are the prime factors of 151496730?
2, 3, 5, 7, 11, 347
List the prime factors of 414438484.
2, 103609621
List the prime factors of 36340321.
36340321
List the prime factors of 505240444.
2, 157, 804523
List the prime factors of 1430412091.
179, 7991129
List the prime factors of 55640343.
3, 11, 1686071
What are the prime factors of 329486638?
2, 13, 19, 23, 47, 617
What are the prime factors of 599756004?
2, 3, 23, 59, 12277
What are the prime factors of 27205689?
3, 7, 587, 2207
List the prime factors of 32840059.
7, 4691437
What are the prime factors of 142790930?
2, 5, 14279093
List the prime factors of 12861150.
2, 3, 5, 179, 479
List the prime factors of 125927747.
11, 11447977
List the prime factors of 2195094571.
193, 11373547
What are the prime factors of 71327278?
2, 11, 23, 73, 1931
List the prime factors of 701897057.
5233, 134129
List the prime factors of 3095400.
2, 3, 5, 7, 11, 67
List the prime factors of 234093741.
3, 7, 31, 109, 3299
What are the prime factors of 1125338707?
19, 29, 2042357
What are the prime factors of 13099757?
11, 179, 6653
List the pri